t the prime factors of 114167.
114167
What are the prime factors of 6757264?
2, 107, 3947
List the prime factors of 176629.
176629
What are the prime factors of 660567?
3, 220189
What are the prime factors of 1048589?
1048589
List the prime factors of 540993.
3, 180331
What are the prime factors of 397665?
3, 5, 8837
What are the prime factors of 2278862?
2, 41, 27791
List the prime factors of 57360.
2, 3, 5, 239
What are the prime factors of 6290267?
2341, 2687
What are the prime factors of 3059416?
2, 382427
List the prime factors of 175661.
17, 10333
What are the prime factors of 7974362?
2, 11, 29, 431
What are the prime factors of 16128146?
2, 337, 23929
List the prime factors of 200105.
5, 31, 1291
List the prime factors of 193665.
3, 5, 12911
What are the prime factors of 11738?
2, 5869
What are the prime factors of 12239001?
3, 1031, 1319
What are the prime factors of 2461163?
2461163
List the prime factors of 762372.
2, 3, 13, 181
What are the prime factors of 5883513?
3, 17, 115363
What are the prime factors of 1495230?
2, 3, 5, 11, 23, 197
List the prime factors of 37862212.
2, 19, 61, 8167
What are the prime factors of 161241?
3, 71, 757
What are the prime factors of 275240?
2, 5, 7, 983
What are the prime factors of 102919?
101, 1019
List the prime factors of 1027589.
383, 2683
What are the prime factors of 742174?
2, 371087
What are the prime factors of 39302?
2, 43, 457
What are the prime factors of 225272?
2, 29, 971
What are the prime factors of 10604416?
2, 82847
What are the prime factors of 2500673?
7, 357239
What are the prime factors of 1939165?
5, 389, 997
What are the prime factors of 189490?
2, 5, 7, 2707
What are the prime factors of 200083?
13, 15391
List the prime factors of 13858514.
2, 47, 379, 389
What are the prime factors of 436425?
3, 5, 11, 23
What are the prime factors of 455202?
2, 3, 11, 19
List the prime factors of 159216.
2, 3, 31, 107
What are the prime factors of 2167759?
11, 43, 4583
What are the prime factors of 393641?
41, 9601
List the prime factors of 176283.
3, 6529
List the prime factors of 1220058.
2, 3, 7, 23, 421
List the prime factors of 37997644.
2, 19, 499969
List the prime factors of 18323325.
3, 5, 31, 37, 71
List the prime factors of 5685598.
2, 19, 157, 953
What are the prime factors of 3029300?
2, 5, 30293
List the prime factors of 2337179.
13, 37, 43, 113
List the prime factors of 5402654.
2, 23, 257, 457
What are the prime factors of 5790012?
2, 3, 482501
List the prime factors of 27150357.
3, 13, 53551
List the prime factors of 7002218.
2, 31, 112939
What are the prime factors of 116633?
11, 23, 461
What are the prime factors of 20215259?
19, 1063961
List the prime factors of 11329200.
2, 3, 5, 1049
What are the prime factors of 23084645?
5, 4616929
List the prime factors of 158954.
2, 19, 47, 89
List the prime factors of 210481.
210481
What are the prime factors of 256606?
2, 7, 18329
List the prime factors of 166918.
2, 83459
What are the prime factors of 206013?
3, 43, 1597
What are the prime factors of 1840518?
2, 3, 102251
List the prime factors of 204783.
3, 68261
List the prime factors of 150195.
3, 5, 17, 19, 31
List the prime factors of 251455.
5, 50291
List the prime factors of 20653080.
2, 3, 5, 7, 23, 1069
List the prime factors of 219347.
401, 547
List the prime factors of 25677023.
25677023
What are the prime factors of 74698?
2, 13, 17
What are the prime factors of 7480487?
7, 113, 193
List the prime factors of 232491.
3, 7, 11071
List the prime factors of 375061.
23, 709
What are the prime factors of 10013062?
2, 29, 31, 5569
What are the prime factors of 577918?
2, 11, 109, 241
What are the prime factors of 1705254?
2, 3, 47, 6047
List the prime factors of 282300.
2, 3, 5, 941
List the prime factors of 5665677.
3, 1888559
List the prime factors of 704614.
2, 571, 617
What are the prime factors of 34129395?
3, 5, 758431
List the prime factors of 869977.
463, 1879
What are the prime factors of 352795?
5, 37, 1907
What are the prime factors of 8331174?
2, 3, 51427
What are the prime factors of 6009262?
2, 7, 17, 3607
What are the prime factors of 9502573?
179, 53087
What are the prime factors of 6792353?
2543, 2671
List the prime factors of 2162255.
5, 43, 89, 113
List the prime factors of 2616232.
2, 17, 19237
List the prime factors of 15845.
5, 3169
What are the prime factors of 1622658?
2, 3, 270443
What are the prime factors of 11791911?
3, 3930637
List the prime factors of 392745.
3, 5, 26183
List the prime factors of 9934188.
2, 3, 11, 17, 19, 233
What are the prime factors of 20867068?
2, 5216767
What are the prime factors of 753310?
2, 5, 71, 1061
What are the prime factors of 39661450?
2, 5, 793229
What are the prime factors of 283364?
2, 70841
What are the prime factors of 2113569?
3, 73, 3217
What are the prime factors of 205180?
2, 5, 10259
What are the prime factors of 195807?
3, 65269
What are the prime factors of 3471277?
1289, 2693
List the prime factors of 1303520.
2, 5, 8147
What are the prime factors of 33398552?
2, 11, 107, 3547
List the prime factors of 123753.
3, 7, 71, 83
What are the prime factors of 1631141?
163, 10007
What are the prime factors of 300148?
2, 75037
What are the prime factors of 214586?
2, 19, 5647
List the prime factors of 664892.
2, 113, 1471
What are the prime factors of 6375227?
1283, 4969
List the prime factors of 6884545.
5, 149, 9241
What are the prime factors of 768780?
2, 3, 5, 4271
What are the prime factors of 17572142?
2, 7, 1255153
List the prime factors of 21985569.
3, 2442841
What are the prime factors of 27051847?
37, 107, 6833
List the prime factors of 6995174.
2, 23, 41, 3709
What are the prime factors of 288704?
2, 13, 347
List the prime factors of 28091239.
11, 31, 7489
What are the prime factors of 54961?
17, 53, 61
List the prime factors of 5403918.
2, 3, 13, 29, 2389
List the prime factors of 2901921.
3, 11, 47, 1871
What are the prime factors of 327661?
327661
List the prime factors of 2752310.
2, 5, 11, 131, 191
List the prime factors of 2260268.
2, 107, 5281
List the prime factors of 166593.
3, 7, 7933
What are the prime factors of 483194?
2, 241597
List the prime factors of 174615.
3, 5, 7, 1663
What are the prime factors of 22735235?
5, 1613, 2819
What are the prime factors of 874711?
874711
What are the prime factors of 94833?
3, 41, 257
What are the prime factors of 8246848?
2, 128857
What are the prime factors of 1140150?
2, 3, 5, 11, 691
List the prime factors of 11928798.
2, 3, 7, 17, 5569
List the prime factors of 791976.
2, 3, 32999
List the prime factors of 155088.
2, 3, 359
What are the prime factors of 620924?
2, 155231
List the prime factors of 1588994.
2, 11, 72227
What are the prime factors of 1407200?
2, 5, 1759
List the prime factors of 91863.
3, 59, 173
List the prime factors of 219483.
3, 11, 739
What are the prime factors of 1089845?
5, 217969
What are the prime factors of 595379?
595379
What are the prime factors of 516343?
83, 6221
List the prime factors of 156854.
2, 78427
List the prime factors of 156413.
71, 2203
What are the prime factors of 681019?
681019
List the prime factors of 408256.
2, 6379
What are the prime factors of 27755374?
2, 13877687
What are the prime factors of 6572349?
3, 7, 104323
List the prime factors of 466435.
5, 93287
What are the prime factors of 940938?
2, 3, 156823
List the prime factors of 234400.
2, 5, 293
List the prime factors of 3265945.
5, 59, 11071
List the prime factors of 16200111.
3, 5400037
What are the prime factors of 156275?
5, 7, 19, 47
What are the prime factors of 6034048?
2, 17, 47, 59
What are the prime factors of 2616364?
2, 107, 6113
What are the prime factors of 21218947?
21218947
List the prime factors of 8592875.
5, 68743
What are the prime factors of 723635?
5, 11, 59, 223
List the prime factors of 206330.
2, 5, 47, 439
List the prime factors of 1337739.
3, 13, 34301
List the prime factors of 135488.
2, 29, 73
What are the prime factors of 28730725?
5, 1149229
What are the prime factors of 5386716?
2, 3, 49877
What are the prime factors of 22682282?
2, 7, 503, 3221
What are the prime factors of 2159591?
7, 53, 5821
What are the prime factors of 1237088?
2, 67, 577
List the prime factors of 1260661.
1260661
List the prime